z**3 - z**2 + 3*z + 2. Let y be b(-2). Suppose 4*w = -w + 65. What is the highest common factor of w and y?
13
Suppose -2 = -2*d + 2. What is the highest common factor of 16 and d?
2
Let a = 17 + -26. Let b be 132/14 + a/21. Let p(i) = 3*i**2 + 7*i + 6. Let x be p(-6). What is the greatest common factor of x and b?
9
Suppose 3*l - 87 - 69 = 0. Calculate the greatest common divisor of 13 and l.
13
Let x(i) = i**3 - 4*i**2 + 2*i + 5. Let h be x(4). Let u(w) = 25*w**3 + 2*w**2 - 1. Let y be u(1). Calculate the greatest common divisor of y and h.
13
Let d be (-802)/(-14) + (8/14)/(-2). What is the greatest common divisor of d and 38?
19
Suppose 5*j = j + 5*g + 443, 4*g = 4. Suppose 4*w + w - 70 = 0. What is the highest common divisor of w and j?
14
Let r be 2*(-9)/(-6) + 1. Suppose -r*v + 2*v - 36 = 0. Let h = 27 + v. What is the highest common factor of 1 and h?
1
Let a = 1 + 0. Suppose 4*s + 2*p - 6*p + 8 = 0, -4 = 2*s + p. Let z = -1 - s. What is the highest common divisor of a and z?
1
Suppose -r + 5*r = 2*w - 4, 0 = -w - 3*r + 2. Suppose j = -w*j + 48. Calculate the highest common factor of j and 16.
16
Suppose 2*w + w - 15 = 0. Calculate the greatest common divisor of w and 5.
5
Suppose -2*v - 1 = -3. Suppose v + 3 = 4*a. What is the greatest common factor of 9 and a?
1
Let y be (-24)/(-12)*14/(-4). Let r be 3/(-7) - 59/y. Calculate the greatest common divisor of r and 12.
4
Let m = -157 + 181. Calculate the highest common divisor of m and 24.
24
Suppose -2*v - 285 + 1008 = 3*d, v + 3*d - 366 = 0. What is the highest common divisor of 51 and v?
51
Let k(o) = o + 55. Let d be k(0). Calculate the highest common factor of 22 and d.
11
Let h be ((-9)/(-6))/(2/4). Let n(w) = 3*w**3 + 1 + w**2 - 4 + w - 3*w. Let i be n(h). What is the greatest common factor of 9 and i?
9
Let y(r) = 4 - 13 - 2*r - 4*r. Let p be y(-6). Calculate the highest common factor of 18 and p.
9
Let b = -34 - -43. Calculate the greatest common factor of b and 63.
9
Suppose -2*o = o - 1569. Suppose 5*g = 2*k + o, k + 1 - 2 = 0. Calculate the greatest common divisor of g and 15.
15
Let x(j) be the second derivative of 1/2*j**2 + 0 - 2/3*j**3 + 5/6*j**4 - j - 1/20*j**5. Let d be x(7). What is the greatest common factor of 15 and d?
15
Let c be ((-96)/36)/(4/438). Let x be 6/(-3) + c/(-2). Calculate the greatest common divisor of 16 and x.
16
Let r = -4 + 12. Suppose 4*f + 9 = 89. What is the greatest common factor of r and f?
4
Suppose h - 28 = -0*h + 2*f, -5*h + 3*f + 168 = 0. Calculate the highest common divisor of h and 9.
9
Let p be (-1)/(4 + (-45)/11). Calculate the greatest common factor of 176 and p.
11
Let b be (-6)/(-5) - (-4)/(-20). Calculate the highest common factor of b and 2.
1
Let h be 2/3*3*4. Let d be 4*(-1)/(h/(-10)). Suppose b - 6*b - d*o = -35, -b - 5 = -3*o. What is the highest common factor of b and 44?
4
Let d(h) be the first derivative of 1/2*h**2 + 7*h - 2. Let c be d(8). Calculate the greatest common factor of c and 105.
15
Let p(d) = -26*d - 4. Let j be p(-2). Suppose 0 = -y - 3*y + j. Let v(l) = -l**2 + 6. Let u be v(0). What is the highest common factor of u and y?
6
Suppose -5*g + 10*g = 10. Suppose 3*z - g*z - 12 = 0. Let y(r) = 7*r**2 - r. Let a be y(3). Calculate the greatest common factor of a and z.
12
Suppose 0 = -4*q + 20, 2*q + 2*q - 20 = -2*m. Let a(o) = 2*o - 6*o + 12 + 3*o. Let k be a(m). Calculate the greatest common divisor of 24 and k.
12
Suppose -87 = 4*u - 299. Suppose 3*i - 84 = 2*p, u = 5*i + 5*p - 87. Let w = i - 14. What is the highest common factor of 98 and w?
14
Let w = 1 - -1. Let s = 127 + -117. What is the greatest common factor of w and s?
2
Let p(n) = 8*n**2 - n - 1. Let l be p(-1). What is the highest common divisor of 12 and l?
4
Let b(s) = s - 1. Let z(l) = 1. Let q(g) = -b(g) - 3*z(g). Let p be q(-7). Let o be 114/8 + (-39)/(-52). What is the greatest common factor of o and p?
5
Let q = -43 - -65. What is the highest common divisor of 55 and q?
11
Let l = -70 + -17. Let u = 147 + l. What is the highest common factor of u and 40?
20
Suppose 0*h - 4*h - 2*c - 30 = 0, c - 21 = 2*h. Let l be h/3 + 2/1. Let m be 3/(-2)*16/l. Calculate the highest common divisor of 6 and m.
6
Suppose -w + 0*w + 3 = 5*i, -w + 3 = 3*i. Let v(s) = s**2 + 2*s + 3. Let x be v(w). What is the highest common divisor of x and 18?
18
Suppose 0*k + 5*c - 24 = k, -2*k + c - 3 = 0. Let m(b) = 4 - b - k + 3 + 7. Let q be m(9). What is the highest common factor of q and 32?
4
Let m be 52/14 - (-4)/14. Let o(s) = -4*s - 5. Let x be o(-5). Suppose 0*k - 5*k = i - 7, 5*k + 5*i = x. What is the highest common divisor of k and m?
1
Suppose 19*c - 15*c = 4. What is the greatest common divisor of 16 and c?
1
Let y be (1 - 2)*0 - -48. Calculate the greatest common factor of y and 32.
16
Let d(a) = a**3 - 8*a**2 + 18*a. Let t be d(4). Let b = -33 - -53. Calculate the greatest common divisor of b and t.
4
Let g be (-1 - 1) + 4 - (-8 + -242). What is the greatest common factor of g and 28?
28
Let t be 2/(1 + -2) + 21. Let n = t - -2. What is the greatest common factor of 3 and n?
3
Let h(k) = -9*k + 1. Let g = -2 - 1. Let c = g - -2. Let t be h(c). Calculate the highest common divisor of 90 and t.
10
Suppose 0 = -s - 2*v - 2 - 0, 14 = -s - 5*v. Let l(i) = 4*i + 6. Let o be l(s). What is the greatest common divisor of o and 45?
15
Suppose h - 350 = -4*h. Calculate the highest common factor of h and 20.
10
Let i(q) = 2*q**3 - 10*q**2 + 17*q + 5. Let p be i(5). What is the greatest common divisor of p and 9?
9
Let n be 8/(4*3/66). Let c be n/10 + 2/(-5). Suppose 4*u = 5*i + 56, -2*i - 19 = -3*u - c*i. What is the greatest common factor of u and 9?
9
Let k be 2*1/(-2) - -96. Suppose 24*p - 19*p - 95 = 0. What is the greatest common divisor of p and k?
19
Let d(h) = h - 6. Let z be d(7). What is the highest common divisor of z and 13?
1
Suppose 5*t + 6 = -5*g - 4, -3*g + 3*t + 12 = 0. Let q(w) = 15*w**3 - w**2 + w - 1. Let v be q(g). What is the greatest common divisor of v and 35?
7
Let j be 3/((-3)/(-6)*3). Suppose -5*v = 3*c - 21, -c - 21 = -4*v - j*c. Calculate the greatest common divisor of v and 3.
3
Let o(c) = -c**3 + 5*c**2 + 7*c - 7. Let v be o(3). Calculate the highest common factor of 224 and v.
32
Let a(q) = 7*q**3 - 3*q**2 + 2*q + 2. Let k(v) = 3*v - 2*v + 0*v. Let o be k(2). Let r be a(o). Calculate the highest common divisor of r and 20.
10
Let q = 84 - 10. What is the greatest common factor of 37 and q?
37
Suppose -3*g + 3*n = -63, g - 3*n + 7*n - 6 = 0. Calculate the highest common divisor of g and 9.
9
Let g(k) = k + 7. Let y be g(-7). Suppose y = z - 2*f - 20, 2*f + 20 = -3*f. Calculate the greatest common divisor of z and 48.
12
Let z(t) = 6*t**3 + t**2 - t + 1. Let l be z(1). Suppose -4*g + 3*g = -l. Suppose -3*h + 27 = -120. Calculate the greatest common factor of g and h.
7
Let g = -12 - -4. Let p = -6 - g. Let b be ((-14)/35)/((-2)/110). Calculate the greatest common divisor of b and p.
2
Suppose 5*o + 59 + 6 = -3*y, -2*o - y - 26 = 0. Let g(b) = -b - 6. Let k be g(o). Calculate the greatest common divisor of k and 7.
7
Suppose -8 = -4*f - 0*f. Let d(g) = 3*g + 4. Let y be d(f). What is the greatest common factor of 50 and y?
10
Let g = 105 - 13. Let r = g + 20. What is the greatest common divisor of 28 and r?
28
Let j = -35 - -61. What is the highest common factor of 13 and j?
13
Let u be (8/14)/((-4)/(-14)). Suppose 0 = -n + 11 + u. Calculate the greatest common factor of 117 and n.
13
Let j(p) = 11*p**3 + 2*p - 1. Let w be j(1). Let d(m) = 2*m**2 - 2*m. Let b be (-1 - -2)*(4 + 3). Let u be d(b). What is the highest common factor of u and w?
12
Let n(g) = g**2 - g + 32. Let p be n(0). Let j(r) = r**2 + r + 8. Let a be j(8). What is the greatest common factor of p and a?
16
Suppose 18 + 2 = -2*o. Let a = o - -6. Let v = 5 + a. What is the highest common divisor of v and 9?
1
Suppose -2*a + 2 - 12 = 0. Let l(c) = -c - 1. Let w be l(a). Suppose v - 70 = -w*v. What is the highest common factor of v and 7?
7
Let t(y) = -y**3 - y - 4. Let p = 10 - 3. Let l(g) = -g**2 + 6*g + 4. Let q be l(p). Let z be t(q). Calculate the greatest common factor of 26 and z.
26
Suppose 4*t = 5*s - 114, 3*t = -3*s + 2*t + 82. Calculate the highest common factor of 